{"id":198,"date":"2013-02-07T11:40:35","date_gmt":"2013-02-07T11:40:35","guid":{"rendered":"http:\/\/botsch.eu\/?page_id=198"},"modified":"2024-10-17T17:32:16","modified_gmt":"2024-10-17T17:32:16","slug":"ueber-uns","status":"publish","type":"page","link":"http:\/\/botsch.eu\/?page_id=198","title":{"rendered":"\u00dcber uns"},"content":{"rendered":"<p style=\"text-align: left;\"><span style=\"color: #ff6600;\"><strong><em><strong><strong><em><a title=\"Gr\u00fcne Aue 40\" href=\"http:\/\/goo.gl\/maps\/G3HVc\" target=\"_blank\" rel=\"noopener noreferrer\"><span style=\"color: #ff6600;\"><strong>\u00a0\u00a0\u00a0\u00a0\u00a0\u00a0\u00a0\u00a0\u00a0\u00a0\u00a0\u00a0\u00a0 Das sind wir:<\/strong><\/span><\/a><\/em><\/strong><\/strong><\/em><\/strong><\/span><strong><em><strong><br \/>\n<img loading=\"lazy\" decoding=\"async\" class=\"aligncenter\" src=\"http:\/\/botsch.eu\/wp-content\/uploads\/2013\/02\/familie.jpg\" alt=\"familie\" width=\"756\" height=\"382\" \/><\/strong><\/em><\/strong><\/p>\n<table style=\"height: 176px;\" width=\"999\" cellspacing=\"0\" cellpadding=\"0\" align=\"center\">\n<tbody>\n<tr>\n<td style=\"padding-left: 250px;\" valign=\"top\"><i>Rainer, geb. in Schw\u00e4bisch Gm\u00fcnd<\/i><br \/>\n<i>Diplomingenieur, im Ruhestand<\/i><br \/>\n<i>Klettern, Wandern, Reisen, Video, Garten, Lesen<br \/>\n<\/i><\/td>\n<td valign=\"top\"><i>Gudrun, geb. in Erfurt<\/i><br \/>\n<i>Diplomzahn\u00e4rztin, im Ruhestand<\/i><br \/>\n<i>Reisen, Wandern, Lesen<\/i><\/td>\n<\/tr>\n<tr>\n<td style=\"padding-left: 210px;\" valign=\"top\"><i>Heike, geb. in Erfurt<\/i><br \/>\n<i>Diplomingenieur (FH)<\/i><br \/>\n<i>Siemens Healthcare GmbH <\/i><i>Forchheim<\/i><br \/>\n<i>Familie, Musik, Hund, Garten<br \/>\n<\/i><\/td>\n<td style=\"padding-left: 40px;\" valign=\"top\"><i>Martin, geb. in Jena<\/i><br \/>\n<i>Master of Science, Entwicklungsingenieur<br \/>\nZF AG, Schweinfurt<br \/>\n<\/i><i><i>Flugzeug-Modellbau, Gleitschirm<br \/>\n<\/i><\/i><\/td>\n<\/tr>\n<\/tbody>\n<\/table>\n","protected":false},"excerpt":{"rendered":"<p>\u00a0\u00a0\u00a0\u00a0\u00a0\u00a0\u00a0\u00a0\u00a0\u00a0\u00a0\u00a0\u00a0 Das sind wir: Rainer, geb. in Schw\u00e4bisch Gm\u00fcnd Diplomingenieur, im Ruhestand Klettern, Wandern, Reisen, Video, Garten, Lesen Gudrun, geb. in Erfurt Diplomzahn\u00e4rztin, im Ruhestand Reisen, Wandern, Lesen Heike, geb. in Erfurt Diplomingenieur (FH) Siemens Healthcare GmbH Forchheim Familie, Musik, Hund, Garten Martin, geb. in Jena Master of Science, Entwicklungsingenieur ZF AG, Schweinfurt Flugzeug-Modellbau, Gleitschirm<\/p>\n","protected":false},"author":1,"featured_media":0,"parent":0,"menu_order":1,"comment_status":"closed","ping_status":"closed","template":"template-onecolumn.php","meta":{"footnotes":""},"class_list":["post-198","page","type-page","status-publish","hentry","nodate","item-wrap"],"_links":{"self":[{"href":"http:\/\/botsch.eu\/index.php?rest_route=\/wp\/v2\/pages\/198","targetHints":{"allow":["GET"]}}],"collection":[{"href":"http:\/\/botsch.eu\/index.php?rest_route=\/wp\/v2\/pages"}],"about":[{"href":"http:\/\/botsch.eu\/index.php?rest_route=\/wp\/v2\/types\/page"}],"author":[{"embeddable":true,"href":"http:\/\/botsch.eu\/index.php?rest_route=\/wp\/v2\/users\/1"}],"replies":[{"embeddable":true,"href":"http:\/\/botsch.eu\/index.php?rest_route=%2Fwp%2Fv2%2Fcomments&post=198"}],"version-history":[{"count":92,"href":"http:\/\/botsch.eu\/index.php?rest_route=\/wp\/v2\/pages\/198\/revisions"}],"predecessor-version":[{"id":1394,"href":"http:\/\/botsch.eu\/index.php?rest_route=\/wp\/v2\/pages\/198\/revisions\/1394"}],"wp:attachment":[{"href":"http:\/\/botsch.eu\/index.php?rest_route=%2Fwp%2Fv2%2Fmedia&parent=198"}],"curies":[{"name":"wp","href":"https:\/\/api.w.org\/{rel}","templated":true}]}}